-4*m(w) - 11*v(w). What are the prime factors of u(-7)?
2, 3, 13
Let q be (-4)/(-7)*392/16. Let d(x) = -x**3 + 15*x**2 + 7*x - 34. List the prime factors of d(q).
2, 5, 13
Suppose -f = -3330 - 626. List the prime factors of f.
2, 23, 43
Suppose -4*h - 3*h = 0. List the prime factors of (-45)/(-360) + (5534/16 - h).
2, 173
Suppose -14*i = 2*i + 864. Let r = i - -50. What are the prime factors of 0 - (1 + r - (-4 + 215))?
2, 107
Suppose 0 = 5*q + 20, -29678 = -2*f + 9*q - 7*q. List the prime factors of f.
3, 5, 23, 43
Suppose -1441*k + 1437*k + 50856 = 0. List the prime factors of k.
2, 3, 13, 163
List the prime factors of (-414)/(-36) + -11 - 12517/(-2).
11, 569
Let r = 5 - 2. Suppose 39 = 2*k + 35. Suppose -k*j + 185 = r*j + 5*c, 4*j - c = 123. What are the prime factors of j?
2
Let t be (-1)/(-4) + 8248/32 + -12. Let p = t - -378. What are the prime factors of p?
2, 3, 13
Let j(n) be the first derivative of -10*n**2 + 245*n - 141. What are the prime factors of j(-44)?
3, 5
Let u = -458 - -4080. List the prime factors of u.
2, 1811
Let n(d) be the first derivative of 123*d**2/2 - 100*d - 94. List the prime factors of n(6).
2, 11, 29
List the prime factors of (2 + (-663)/4)*24/(-6).
5, 131
Let c = 392 - 113. Suppose -o = -10*o + c. What are the prime factors of o?
31
Suppose -16*q + 15*q = -3540. Suppose -4*a + q = 1124. What are the prime factors of a?
2, 151
Let a be 5 - (1377/(-3))/3. Let l = a - 638. Let d = -265 - l. List the prime factors of d.
5, 43
Let o(t) = -229*t + 643. List the prime factors of o(-2).
3, 367
Suppose 2*p = -c + 9118, 6907 + 2235 = c - 4*p. List the prime factors of c.
2, 3, 13
Let n(j) = j**2 - 3*j + 4. Let x be n(1). List the prime factors of (-21)/(-14) + x/(-4) - -61.
2, 31
Let x = -147 + 5939. Suppose 3*s = -4*b + x, -5343 = -4*s + 4*b + 2389. What are the prime factors of s?
2, 3, 7, 23
Suppose -5*x - 23 = -68. Let a be (-135)/(-2) - x/(-18). Let m = -40 + a. List the prime factors of m.
2, 7
Let t be ((-246)/18*3)/1. Let m = t + 33. Let b(v) = v**2 + 10*v + 64. List the prime factors of b(m).
2, 3
Let g(o) = 19*o - 8. Let n be g(5). Let x = n + 50. Suppose x = f - 10. What are the prime factors of f?
3, 7
Let z(l) = 3*l**3 + l**2 - l + 4. Let a be z(0). List the prime factors of -2 + 706/a - 9/18.
2, 3, 29
Suppose 5*s + 31196 = 4*l, 6*l + 2*s = 3*l + 23397. List the prime factors of l.
11, 709
Let j(w) = w**3 + 3*w**2 + 3*w - 102. Let u be j(13). Let z = u - 1804. What are the prime factors of z?
3, 31
List the prime factors of (-3)/(-20) + 21552793/4580.
2, 13, 181
Let a(p) = p**2 - 4*p + 9. Let d be a(2). Suppose w + 0*w - 35 = 4*x, -2*w + 70 = d*x. Suppose 34*r = w*r - 42. List the prime factors of r.
2, 3, 7
Let q(s) = -s**3 - 6*s**2 + 2*s - 1. Let o be q(-7). Let f = 24 - o. What are the prime factors of 11 + ((-4)/f - 2/5)?
11
Suppose 2*u = -8 + 170. Let s = u + -73. Suppose s*t - 53 = 7*t. What are the prime factors of t?
53
List the prime factors of 234111/15 - (-42)/(-105).
15607
Let n(y) = -3*y - 6. Let m be n(2). List the prime factors of (2 + (-375)/m)/((-10)/(-80)).
2, 7, 19
Let t = -49 + 58. Let b be (-60)/(-8)*150/t. Let v = b + -84. What are the prime factors of v?
41
Let x = 36303 - 25614. What are the prime factors of x?
3, 7, 509
Let y be 9/15 + ((-43560)/(-25))/6. Suppose 1074 = 7*x - y. List the prime factors of x.
3, 5, 13
Let t = -7207 + 6954. Let o(s) = 64*s - 1. Let r be o(-6). Let m = t - r. What are the prime factors of m?
2, 3, 11
Let i be (1 + -7)/(-3) + (-2)/(-2). Suppose 0 = 3*b - 4*u - 1563, -11*b = -8*b + i*u - 1584. List the prime factors of b.
3, 5, 7
Let q = 30 + -30. Suppose -2*f - s - 144 - 651 = q, 0 = 5*f + 5*s + 1995. What are the prime factors of ((-1)/2)/(9/f)?
2, 11
Let n(b) = 3*b**2 + 228*b - 171. What are the prime factors of n(28)?
3, 5, 571
Let r be (7 - 5)*1*-1. What are the prime factors of (-7183)/(-44)*(2 - r)?
653
Suppose 0 = -5*a + 2*c + 127807, -11*a + 102218 = -7*a + 3*c. What are the prime factors of a?
61, 419
Suppose -80 = -3*b + 13*b. List the prime factors of (250 - -38)*b/(-6).
2, 3
Let o = 39590 - 27446. List the prime factors of o.
2, 3, 11, 23
Let b be -7 + 6 - -1*3. Suppose 10 = 2*h - b*c - 18, 2 = 2*c. Suppose 18*u - h*u = 63. List the prime factors of u.
3, 7
Let b = -7717 + 11280. List the prime factors of b.
7, 509
Let f(g) = 11*g**2 - g - 2. Let j be f(-1). Suppose j*r = 8*r + 132. What are the prime factors of r?
2, 3, 11
Let b(v) be the first derivative of -49*v**4/4 + v - 14. List the prime factors of b(-1).
2, 5
Let r = -143 - -159. Suppose r*q = 3*q + 39. What are the prime factors of q?
3
Let y = 86 + -87. Let n = y - 97. Let q = 155 + n. List the prime factors of q.
3, 19
Suppose i + 2 = 372. Suppose -3*q = 61 - i. List the prime factors of q.
103
Let r(h) = 2*h**3 - 31*h**2 + 13*h + 24. Let q be r(15). List the prime factors of (-3)/q*(3341 + -3 + 0).
1669
What are the prime factors of (((-140)/8)/(-5))/(1/206)?
7, 103
Let q(o) = -50 - 36*o - 24*o + 12*o + 0*o. What are the prime factors of q(-19)?
2, 431
Suppose -18882 = -37*d + 1580144 + 1735340. List the prime factors of d.
2, 7, 41, 157
Let g(l) = 430*l**3 - 3*l**2 - 3*l + 14. List the prime factors of g(2).
2, 859
Let j = 14955 + 26049. List the prime factors of j.
2, 3, 17, 67
Suppose -3*j - 41 = -50. List the prime factors of (905/10)/(j/12).
2, 181
Let b be (-3)/(3/(4 - 7)). Suppose 6 = -3*z - b. What are the prime factors of 1935/27 + (-1)/z?
2, 3
Let z = 18 - 15. Suppose 4*g - 673 = -3*s, 0 = 5*g - z*g + 2*s - 334. Let n = -109 + g. List the prime factors of n.
3, 7
Let l be (-2 - 1)*-1*3224/2418. Let k be (8 - (0 + -1))*11. Suppose -5*z = l*d - 918, -d = -4*z - 141 - k. What are the prime factors of d?
2, 29
Let i(n) = 2*n**2 - 15*n + 10. Let v be i(7). Suppose 3*c - 3*a = 1005, -a + 1623 = v*c + 602. List the prime factors of c.
3, 113
Suppose 21 = -9*p + 16*p. Suppose -x - x + 453 = t, 0 = 3*t + p*x - 1353. What are the prime factors of t?
449
Let p be -9*3/(-63) + 36/(-84). Suppose -15*i + 10*i = -3*x - 3675, -5*x = p. List the prime factors of i.
3, 5, 7
Let h be (-73)/((-15)/(-20) - (-2)/8). Let f = h + 71. What are the prime factors of 171/f*(4 - 16/3)?
2, 3, 19
Let k = 72 - 27. Let a = -27 + k. List the prime factors of (0 + 51/6)*a.
3, 17
Let o be ((-15)/(-9))/((-3)/(-9)). Suppose -4*b - o*q + 10*q + 2880 = 0, -3*b + 2153 = -2*q. What are the prime factors of b?
5, 11, 13
Suppose -4*t - 4*b = -176, -43*b + 141 = 4*t - 46*b. Let o(n) = 6*n**2 - 200*n + 41. List the prime factors of o(t).
1367
Let m be -3 + (-4 - -6) - (-3 - 6). Suppose i + m*i - 2682 = 0. What are the prime factors of i?
2, 149
Let a = -19998 - -30878. List the prime factors of a.
2, 5, 17
Suppose 4*v + 237 = -439. Let g = -85 - v. List the prime factors of g.
2, 3, 7
List the prime factors of ((-120)/(-39) - -1 - (-5)/(-65)) + 48081.
5, 59, 163
List the prime factors of (292/2 - -2)*(-13703)/(-386).
2, 37, 71
Suppose -229 = 3*r - 250. Suppose 5*c = 3*m + 4, -r*m = -6*m - c. Suppose -4*h - 681 - 161 = -3*u, 3*u - m*h = 838. What are the prime factors of u?
2, 139
Let p(i) = -21*i**2 + 819*i + 57. List the prime factors of p(39).
3, 19
Let v(c) be the third derivative of -27*c**2 + 0*c + 2/3*c**3 + 0 + 1/6*c**4 + 11/15*c**5. List the prime factors of v(-2).
2, 43
Suppose 441*q = 443*q - 4. Suppose 6*s = q*s + 40. What are the prime factors of s?
2, 5
What are the prime factors of ((-19673)/3)/((12/18)/(-2 - 0))?
103, 191
Let a(m) = 22*m + 169. Let g be a(-6). Suppose -14*b + g*b = 4692. List the prime factors of b.
2, 3, 17
Let j be 8/(-3)*(-25 - 5). Let c be (6/10)/((-1)/(-445)). Suppose -2*r - j = -3*g + c, -2*g = -3*r - 233. What are the prime factors of g?
5, 23
List the prime factors of 1 + ((-130)/(-4))/(81/15714).
2, 3, 1051
Let s(v) = 19 - 11*v + 32 - 50. What are the prime factors of s(-6)?
67
Let d(m) = -653*m + 7775. What are the prime factors of d(-25)?
2, 5, 241
Let c = 3253 + -2470. What are the prime factors of c?
3, 29
Let p be 48/(-14) + ((-50)/14 - -4). List the prime factors of ((p + 4)/4)/(1/148).
37
Suppose 2*z + 5*n = 84422, 3*z - 46*n + 42*n - 126725 = 0. What are the prime factors of z?
3, 7, 2011
Suppose 2*m + 24*b - 5 = 23*b, 2*b = -m - 2. Suppose 0 = -5*f + 2*f - m*v +